 i.
2
Let h(u) = u**2 + u + 13. Let r be h(0). Let f = r + -7. What is the highest common divisor of f and 30?
6
Suppose 0*j + 5*j = -4*t + 314, 3*j + 6 = 0. Let i = 9 - 0. What is the greatest common divisor of t and i?
9
Suppose 5*r + 2*m = 118, -m = m + 2. Calculate the highest common factor of 192 and r.
24
Let j = 72 + -43. Suppose -j = -2*o - 5. Calculate the greatest common factor of o and 48.
12
Suppose 0 = -c + k, 2*k + 4 - 19 = 5*c. Let z(w) = -w + 3. Let p be z(c). Calculate the highest common divisor of p and 56.
8
Let t be 2 + -3 + 5*-1. Let f(c) = c**3 + 8*c**2 + 8*c + 6. Let g be f(t). Calculate the highest common divisor of 12 and g.
6
Let m(k) = k**2 - 3. Let g be m(-6). Suppose 2*h + 13 - g = 0. Calculate the highest common divisor of h and 110.
10
Suppose -317 + 314 = -b. Let x = 40 - 25. Calculate the highest common factor of b and x.
3
Suppose 0 = 2*b, -f + 2*b = -2*f + 9. Let n(o) = 6*o**2. Let v be n(1). What is the greatest common divisor of v and f?
3
Let f be -4*(-20)/(-16)*-3. What is the greatest common factor of 3 and f?
3
Suppose -6 = -u + 3. Let r = u - 9. Let a be r + 7/(21/144). What is the highest common divisor of a and 32?
16
Let z(x) = 19*x**2 + 5*x - 2. Let o be z(3). Let j be 489/21 - 6/21. Calculate the greatest common factor of o and j.
23
Let s be (-7 + -3)*(-5)/(-2). Let c = s + 35. What is the greatest common factor of 2 and c?
2
Let v = 0 - -3. Let y(n) = -5*n**2 - 5*n**3 - n + 6 - n**3 + 5*n**v. Let d be y(-5). What is the highest common divisor of 22 and d?
11
Let n be (2/(-4)*-2)/(11/550). Calculate the greatest common divisor of n and 20.
10
Let g(p) = p**3 - 7*p**2 + p - 3. Let c be g(7). Let j = 1 + 3. Suppose -2*n + 44 = j*b - b, 5*b + 44 = c*n. What is the greatest common factor of 8 and n?
8
Let a be ((-12)/(-9))/(12/126). What is the highest common divisor of a and 154?
14
Let v be 4 + (0 + 3)/3. What is the greatest common divisor of v and 10?
5
Suppose -3*m = -2*l + 51, 7 = -l + 2*m + 31. Calculate the greatest common factor of 6 and l.
6
Let i = 74 + -48. Let s = 50 - -80. What is the greatest common factor of i and s?
26
Let j be (-86)/(-4) - (-3)/(-6). Let f be j - (-2 - (1 - 2)). Suppose 28 = 2*a + 3*h, -h - 4*h = 2*a - 32. What is the greatest common divisor of a and f?
11
Let n be (1 - 0 - 22) + -1. Let p = n - -36. Calculate the highest common divisor of p and 21.
7
Suppose 2*d - 5 = -s, -3*s + 14 = 4*d - 1. Suppose k - 11 = 2*r, 0 = -d*r + 2*r - 2. Calculate the greatest common factor of 91 and k.
13
Let w be 24/(-18)*6/4. Let y = w + 23. Calculate the greatest common factor of 3 and y.
3
Suppose 6 - 54 = -2*n. Let v = 1 - -7. What is the greatest common divisor of v and n?
8
Let m = -97 + 169. Calculate the greatest common divisor of m and 24.
24
Let s = -17 + 21. Let x(y) be the second derivative of y**4/12 - y**3/6 - y**2 + y. Let b be x(s). What is the highest common factor of 25 and b?
5
Suppose 4 + 3 = -2*l - c, 4*l - 5*c + 35 = 0. Let n be l/(6/8 + -1). Let p be (23 - 2)*320/224. Calculate the highest common divisor of n and p.
10
Suppose -6*o = -2*o + 3*d - 105, 4*o - 110 = -2*d. What is the highest common factor of 20 and o?
10
Suppose 0 = 2*l - 4 - 0. Suppose 0*a + l = a. Suppose 0*s + 85 = a*s - 5*i, 4*s + 3*i = 235. Calculate the greatest common divisor of s and 5.
5
Suppose 5*y - 21 - 39 = 0. What is the greatest common divisor of 132 and y?
12
Suppose 7*b - 15*b + 120 = 0. Suppose 23 = 4*w - 37. Calculate the highest common divisor of w and b.
15
Let o = -113 + 188. Suppose 5*t = y + 2*y + o, 0 = 3*t + y - 59. What is the highest common factor of 45 and t?
9
Suppose 0 = -b - 23 - 57. Let l be (b/12)/(2/(-3)). What is the highest common factor of 30 and l?
10
Suppose 0*o = 3*o + 270. Let q be ((-24)/5)/(2/o). Calculate the highest common divisor of 24 and q.
24
Suppose 0*k + 80 = 4*k. Suppose 2*i = -i + 33. Suppose i = 2*q - 29. What is the highest common factor of k and q?
20
Let h(v) = -v**3 - 12*v**2 - 13*v + 4. Let t be h(-12). Suppose 5*u = 10*u - t. What is the highest common divisor of u and 4?
4
Suppose -h + 16 = 3*h. Suppose h*j = j + 21. Suppose 0 = -a - 5 + 19. Calculate the greatest common factor of a and j.
7
Suppose -3*o - o = 2*m - 24, 4*m - 5*o = 35. Let n be (6*1)/(-1)*-10. Calculate the greatest common factor of n and m.
10
Suppose 3*t = -2*c + 8, -1 = 2*t + 2*c - 7. Suppose 4*v + 36 = 2*p, 102 = 3*p + p + t*v. Calculate the greatest common divisor of 12 and p.
12
Let t = 39 - 75. Let h = -16 - t. Let u be (h/15)/((-2)/(-189)). Calculate the greatest common factor of 14 and u.
14
Suppose -3*c - 3*f + 1416 = 0, c + 4*f - 1420 = -2*c. Suppose 8 = 2*a, 3*a = n + 4*n - c. Calculate the greatest common factor of 12 and n.
12
Let m(c) = -19*c**3 - c**2 + c + 1. Let r(w) = -w**2 + 3*w - 3. Let x = 9 - 7. Let l be r(x). Let q be m(l). What is the greatest common factor of q and 90?
18
Let w = -98 + 183. Calculate the highest common factor of 17 and w.
17
Let q(y) = -y**3 + 4*y**2 + 3*y - 5. Let m be q(4). Let l = 10 - m. Calculate the greatest common divisor of 3 and l.
3
Suppose 2*w + 3*f - 712 = 0, -5*f + 354 = -5*w + 2084. Calculate the greatest common factor of w and 50.
50
Let r(s) = 6*s**2. Let q be r(-1). Let y = -65 - -74. What is the greatest common divisor of q and y?
3
Let g = 44 - 31. Suppose 2*l = -43 + 329. Calculate the highest common factor of g and l.
13
Let a = 12 + -4. Let k be ((-1)/2)/(4/(-248)). Suppose 41 + k = 3*b. Calculate the greatest common divisor of a and b.
8
Let o(x) = -x + 9. Let m be o(10). Let l = m + 3. Suppose -9 = -l*i - 1. What is the greatest common factor of i and 20?
4
Suppose 3*a = -0*a - 12, 2*a = -4*s + 80. Calculate the highest common divisor of 2 and s.
2
Let x be 1/7 - (-204)/42. Suppose 0 = y - 2*w + 40, 2*y - 8*w + 83 = -3*w. Let h = 6 - y. Calculate the greatest common divisor of x and h.
5
Let j be -3*(0 - (-40)/(-6)). Suppose 2*r - 4*k + 4 = 0, 0*r - 5*r = 3*k - 42. Suppose -r*o + 15 = -225. Calculate the highest common factor of j and o.
20
Let g be -2 + -54 + 6/2. Let l = -36 - g. Let z(h) = 13*h**2 - 5*h - 1. Let c be z(4). Calculate the highest common divisor of c and l.
17
Let s = 45 + -40. Let u be (-164)/(-3) - 1/(-3). Calculate the greatest common factor of u and s.
5
Let m = -5 + 25. Suppose 0 = 2*h + 2, h + 499 = 5*u + 2*h. Calculate the greatest common divisor of u and m.
20
Suppose -u + 3*u - 14 = 0. Calculate the highest common divisor of 21 and u.
7
Suppose -2*v - 3 + 129 = 0. What is the greatest common divisor of v and 7?
7
Let t = 14 + -10. Calculate the highest common divisor of 18 and t.
2
Let p(b) = -b**3 - 3*b**2 + 2*b - 2. Let x = -27 + 23. Let l be p(x). What is the highest common factor of l and 15?
3
Suppose -i + v + 4 + 28 = 0, -i - 5*v + 20 = 0. Let l be (4/10 - 0)*25. Calculate the greatest common divisor of i and l.
10
Let p(j) = 16*j**2 + 2*j - 3. Let w be p(2). Let x be w - 3/(6/4). What is the greatest common divisor of 7 and x?
7
Let l be -2 - (-19 + 2/(-2)). Let b(x) = -x**2 - 2*x + 2. Let t = -13 + 11. Let a be b(t). What is the highest common divisor of a and l?
2
Let d(t) = t**3 - 13*t**2 + 15*t - 9. Let x be d(12). Let a = x - -45. What is the greatest common factor of a and 18?
18
Let c = -4 - -7. Suppose -5*z - 2*k + 37 = 0, -3*k - c = z - 0*z. Calculate the highest common factor of z and 18.
9
Suppose 4*x - 4*l = 352, 4*x = -l - 0*l + 362. Calculate the highest common divisor of 10 and x.
10
Let z(h) = 10*h + 2. Let q be z(4). Let x = 72 - q. Suppose b - 4*b = -x. Calculate the highest common divisor of 15 and b.
5
Let t = -1 - -9. Suppose -u + 0 - t = 5*m, -10 = -3*u + 2*m. Let w be (-49)/(-3) + u/(-6). What is the highest common factor of w and 2?
2
Let g be (112/21)/((-2)/(-3)). Calculate the greatest common divisor of g and 64.
8
Let m(o) = o**3 - 13*o**2 - 13*o + 31. Let h be m(14). What is the highest common factor of h and 15?
15
Let s = -134 + 145. Let c(a) = a - 2 + 2. Let l be c(1). What is the greatest common factor of s and l?
1
Let d = -14 + 33. Let f(i) = -i**2 - 2*i + 76. Let k be f(0). What is the greatest common factor of k and d?
19
Let d = 1 + -7. Let q(i) = i**3 + 7*i**2 + 4*i. Let b be q(d). What is the highest common factor of 36 and b?
1